r of o and 48?
16
Let r be (1 + 14/(-8))/((-28)/336). Suppose -5*o - q + 93 = 0, o + q - 8 = r. Let g = 285 - 152. What is the greatest common factor of g and o?
19
Let t = 16849 + -16793. Calculate the highest common divisor of t and 16632.
56
Let f(d) = -5*d**3 - 6*d**2 + 11*d + 21. Let k be f(-5). Suppose i = 2*j - k, -i = 4*j - 0*j - 879. What is the greatest common divisor of 88 and j?
44
Let c be (-2)/(-2) + 98/2. Let i = 193 - c. What is the greatest common divisor of 13 and i?
13
Suppose 158*l + 575 = 181*l. What is the greatest common factor of l and 3725?
25
Let m = 298 + -94. Suppose -2*a + a = 5*z - 273, 4*z - m = 4*a. Suppose -2*v = 2*o - 14, 2*o = v - 19 + 39. What is the highest common factor of z and o?
9
Suppose 32*b = 28*b + 3644. Let a = b + -908. What is the highest common factor of 13 and a?
1
Let z = -171 - -261. Suppose -105 = -5*b + 3*g, b - 4*b - 6*g = -102. Calculate the highest common divisor of z and b.
6
Suppose -383*o + 110866 + 160387 + 450702 = 0. Calculate the greatest common factor of o and 667.
29
Let d = -5410 - -5427. Calculate the highest common factor of d and 9197.
17
Let s be 9/(-2)*(-1172)/879. Suppose -5*r + 36 = -5*f - 84, -2*r = -4*f - 42. Calculate the greatest common factor of r and s.
3
Let g(x) = 226*x - 1904. Let v be g(30). What is the highest common divisor of 184 and v?
92
Suppose 0 = 28*p - 58505 + 9141. Let g = p - 827. Calculate the greatest common factor of g and 72.
72
Let x(u) = -3*u + 580. Let h be x(-50). Calculate the greatest common divisor of h and 20.
10
Suppose 23*a - 170*a + 37632 = 0. Calculate the greatest common factor of a and 2432.
128
Let i be ((-3 - 2) + (-980)/42)*3. Let y = 119 + i. What is the highest common factor of 578 and y?
34
Let r be 8*((-210)/(-28) + -7). What is the highest common factor of 2164 and r?
4
Let q(u) = -3*u**3 - 4*u**2 + 4*u - 4. Let i be q(3). Let r be 3/(-15) - i/(-5). Let a = r + 148. What is the highest common factor of 21 and a?
21
Let s = 50 - 45. Suppose -107 = -3*a + s*m - 8, -5*a + 4*m + 152 = 0. Calculate the highest common factor of 196 and a.
28
Suppose 77*m - 589 = 335. What is the highest common divisor of 2 and m?
2
Let f(n) = 161*n + 2666. Let p be f(-16). Calculate the greatest common divisor of p and 5976.
18
Suppose -16 = -3*w - w - 3*p, 0 = 4*w - p - 16. Suppose -4*o - x = -34, 3*x = -w*o + 2*o + 22. Calculate the greatest common factor of 344 and o.
8
Suppose -3*q - 3*l = -3, -5*q + 16 = -4*q + 4*l. Let w be (-48)/(-96) + (-1086)/q. Calculate the greatest common factor of 170 and w.
34
Let k(p) = -p**3 - p**2 + 8*p + 20675. Let u be k(0). Calculate the greatest common factor of 25 and u.
25
Let z = 34 + 51. Let s = 154918 - 154908. What is the highest common divisor of z and s?
5
Suppose 0 = 5*c - 5*t - 195, 12 = -56*t + 58*t. What is the highest common factor of c and 2010?
15
Let f = 26169 - 26113. Let y = 138 + -96. What is the greatest common factor of f and y?
14
Let v(s) = 4*s**3 + s**2 - s + 1. Let m be v(2). Let c(l) = -l**3 - 63*l**2 + 193*l - 295. Let n be c(-66). What is the greatest common factor of m and n?
35
Suppose 4*r - 4*z + 244 = 0, 4*r + 145 + 75 = -4*z. Let d = r - -156. Suppose -29691 + 29705 = 2*n - n. What is the greatest common divisor of n and d?
14
Let b = -44 + 47. Suppose -b*l = 2*u - 94, 53 = 3*l - u - 35. Let z be l/4*((-190)/(-25) - 4). Calculate the highest common factor of z and 3.
3
Let w be 21/(-84)*(-2 - (22 - 0)). Suppose -22 + 832 = 5*k. Calculate the highest common divisor of w and k.
6
Suppose 330*c - 43747 - 107977 = -127*c. Calculate the highest common factor of c and 68.
4
Suppose -69930 = -893*k - 276. Let q be 784/6 - 8/12. Calculate the highest common divisor of q and k.
26
Suppose 3*k = 7*k - 88. Let u = k + 3. Let w = 227 + -102. What is the greatest common divisor of u and w?
25
Let g be (72*5)/(-1 + 2). Let h(y) = 4*y**2 + 6*y + 5. Let o be h(-4). What is the highest common divisor of g and o?
45
Let j(z) = -2*z**2 - 10*z + 11. Let q be j(-6). Let g be q - (-3 + 1 + -2). Suppose 9*l - 720 = g*l. Calculate the highest common divisor of l and 30.
30
Suppose 0 = -267*g - 209*g - 19*g + 77715. What is the highest common factor of g and 25591?
157
Suppose x + 2*u = -6, 7*u - 2*u = 2*x - 24. Suppose -5*k + 545 = -5*l + 1540, -x*l - 4*k + 380 = 0. Calculate the greatest common factor of l and 4.
4
Suppose -5*b + 2*b = -9. Suppose 41 - 53 = -b*y. Suppose -y*m + r + 92 = 0, 5*r - 36 = -m + 2*r. What is the highest common divisor of m and 168?
24
Let j(h) be the first derivative of -h**4/4 + 8*h**3/3 + 27*h**2/2 - h - 32. Let a be j(10). Calculate the greatest common divisor of 46 and a.
23
Let v be (-20)/12*9/(-3). Suppose -v*s = -3*s - 92. Let t(j) = 37*j + 8. Let f be t(6). Calculate the highest common divisor of s and f.
46
Suppose 3*f - 2*c + 902 = 5*f, 5*f - 2255 = 2*c. What is the greatest common factor of f and 121?
11
Suppose 107 = r - 353. Suppose -453*a - 77 = -r*a. What is the highest common factor of a and 979?
11
Let i = -1341 - -1569. Let d = 48 - 36. What is the highest common factor of d and i?
12
Let d(j) = 13*j + 8. Let y(a) = a - 1. Let g(i) = -d(i) + 3*y(i). Let k be g(-4). Let l = -175 - -320. Calculate the highest common factor of k and l.
29
Suppose -3*l - 5*a + 429 = -4*a, 2*l + a - 285 = 0. What is the highest common factor of l and 306?
18
Let s(c) = 9*c + 12. Let q be 51/24 - 5/40. Let m be s(q). What is the highest common factor of 12 and m?
6
Let i be (6/(-4))/((-17)/34). Let l be 1*i/(15/(-545)). Let y = l + 199. What is the greatest common factor of y and 10?
10
Let b(y) = -18*y**3 + y**2 + y + 1. Let w be b(-1). Suppose 5*c + 1 + w = 0, 2*n = -2*c + 10. Calculate the highest common factor of n and 18.
9
Let n be (-516)/9 - (-4)/(-6). Suppose 7*b = 8*b - 6*m + 48, b + 2*m + 40 = 0. Let w = b - n. Calculate the greatest common divisor of w and 72.
8
Suppose -127*t + 130*t - 2*g = 1418, 2*t - 932 = 4*g. What is the greatest common factor of 56 and t?
28
Let m = 162 + -171. Let k be 57/9 + 1 + 12/m. What is the highest common divisor of 10 and k?
2
Let o be (-4)/(-12)*6750/45. What is the greatest common divisor of 1325 and o?
25
Suppose -28*a - 1016 = -9*j - 32*a, j - 2*a - 130 = 0. Calculate the highest common factor of j and 2262.
58
Let s be 1/2 - ((-7572)/24 - 9). Let f be (0 + 1)*3 + (-1920)/(-10). Calculate the greatest common divisor of s and f.
65
Suppose -g + 4*u = -308, 21*g + 5*u - 1316 = 17*g. Suppose -2*y - g = -14*y. Calculate the highest common factor of 513 and y.
27
Suppose -y + 67*s + 2534 = 69*s, -5*s + 10 = 0. Calculate the greatest common divisor of y and 50.
10
Let r be (-28)/(-10)*(-90)/(-36). Let m = -122 - -112. Let q be ((-154)/10)/(2/m). Calculate the greatest common divisor of q and r.
7
Let l = 15 + -3. Suppose l = -3*x, 2*q + x - 5*x = 0. Let g be q/60 - 456/(-45). What is the highest common factor of g and 25?
5
Let l(s) = 3*s - 45. Let q be l(13). Let g be 1*(1364/(-28) - q/(-21)). Let y = 85 + g. What is the greatest common divisor of 12 and y?
12
Suppose -5*t + 5 = -2*j, -2*j - 5*t = -j + 40. Let r be 2 - (0 + -1) - (j - 18). Calculate the highest common factor of 4 and r.
4
Let r = -40 + 56. Let a be 1 + 2293/9 - (-3302)/14859. What is the highest common divisor of a and r?
16
Suppose -7562 = -7*p - 13*p + 1038. Calculate the highest common factor of p and 190.
10
Suppose 0 = 3*c + 234*q - 230*q - 26779, -q = c - 8926. What is the greatest common divisor of c and 85?
85
Let h be (4 - 7)/(-9) - ((-628)/6 + -10). Calculate the greatest common divisor of 18745 and h.
115
Let g = 3393 - 2232. What is the highest common divisor of 215 and g?
43
Let u(q) = 2*q**3 + 31*q**2 - 52*q - 920. Let a be u(-15). What is the greatest common divisor of a and 8381?
17
Let n = 6936 - 5289. What is the greatest common divisor of 135 and n?
27
Let l(j) = 4*j - 9. Let c = -44 - -47. Let x be l(c). Let k be (-664)/(-5) - (x + (-16)/5). What is the greatest common factor of 19 and k?
19
Let i(v) = 32*v - 3. Let j be i(1). Suppose -j - 19 = -6*t. Let k be 119/t - 3/(-24). Calculate the greatest common factor of 5 and k.
5
Let y(c) = 14*c**3 - 12*c**2 + 49*c - 83. Let f be y(7). What is the highest common divisor of 2 and f?
2
Suppose -63 = -